{"id":11,"date":"2021-10-06T09:52:37","date_gmt":"2021-10-06T07:52:37","guid":{"rendered":"https:\/\/pjredovisning.se\/?page_id=11"},"modified":"2021-10-06T13:29:59","modified_gmt":"2021-10-06T11:29:59","slug":"valkommen-till-pj-redovisning","status":"publish","type":"page","link":"https:\/\/pjredovisning.se\/","title":{"rendered":"V\u00e4lkommen till PJ Redovisning"},"content":{"rendered":"\n<p><\/p>\n\n\n\n<figure class=\"wp-block-image size-large\"><img loading=\"lazy\" decoding=\"async\" width=\"1024\" height=\"521\" src=\"https:\/\/pjredovisning.se\/wp-content\/uploads\/2021\/10\/pj-redo-1024x521.png\" alt=\"\" class=\"wp-image-22\" srcset=\"https:\/\/pjredovisning.se\/wp-content\/uploads\/2021\/10\/pj-redo-1024x521.png 1024w, https:\/\/pjredovisning.se\/wp-content\/uploads\/2021\/10\/pj-redo-300x153.png 300w, https:\/\/pjredovisning.se\/wp-content\/uploads\/2021\/10\/pj-redo-768x391.png 768w, https:\/\/pjredovisning.se\/wp-content\/uploads\/2021\/10\/pj-redo-1536x782.png 1536w, https:\/\/pjredovisning.se\/wp-content\/uploads\/2021\/10\/pj-redo.png 1611w\" sizes=\"auto, (max-width: 1024px) 100vw, 1024px\" \/><\/figure>\n\n\n\n<p><\/p>\n","protected":false},"excerpt":{"rendered":"","protected":false},"author":1,"featured_media":0,"parent":0,"menu_order":0,"comment_status":"closed","ping_status":"closed","template":"","meta":{"footnotes":""},"class_list":["post-11","page","type-page","status-publish","hentry"],"yoast_head":"<!-- This site is optimized with the Yoast SEO plugin v17.3 - https:\/\/yoast.com\/wordpress\/plugins\/seo\/ -->\n<title>V\u00e4lkommen till PJ Redovisning - PJ Redovisning<\/title>\n<meta name=\"robots\" content=\"index, follow, max-snippet:-1, max-image-preview:large, max-video-preview:-1\" \/>\n<link rel=\"canonical\" href=\"https:\/\/pjredovisning.se\/\" \/>\n<meta property=\"og:locale\" content=\"sv_SE\" \/>\n<meta property=\"og:type\" content=\"article\" \/>\n<meta property=\"og:title\" content=\"V\u00e4lkommen till PJ Redovisning - PJ Redovisning\" \/>\n<meta property=\"og:url\" content=\"https:\/\/pjredovisning.se\/\" \/>\n<meta property=\"og:site_name\" content=\"PJ Redovisning\" \/>\n<meta property=\"article:modified_time\" content=\"2021-10-06T11:29:59+00:00\" \/>\n<meta property=\"og:image\" content=\"https:\/\/pjredovisning.se\/wp-content\/uploads\/2021\/10\/pj-redo-1024x521.png\" \/>\n<meta name=\"twitter:card\" content=\"summary_large_image\" \/>\n<meta name=\"twitter:label1\" content=\"Ber\u00e4knad l\u00e4stid\" \/>\n\t<meta name=\"twitter:data1\" content=\"1 minut\" \/>\n<script type=\"application\/ld+json\" class=\"yoast-schema-graph\">{\"@context\":\"https:\/\/schema.org\",\"@graph\":[{\"@type\":\"WebSite\",\"@id\":\"https:\/\/pjredovisning.se\/#website\",\"url\":\"https:\/\/pjredovisning.se\/\",\"name\":\"PJ Redovisning\",\"description\":\"V\\u00e4lj r\\u00e4tt redovisningskonsult - V\\u00e4lj oss\",\"potentialAction\":[{\"@type\":\"SearchAction\",\"target\":{\"@type\":\"EntryPoint\",\"urlTemplate\":\"https:\/\/pjredovisning.se\/?s={search_term_string}\"},\"query-input\":\"required name=search_term_string\"}],\"inLanguage\":\"sv-SE\"},{\"@type\":\"ImageObject\",\"@id\":\"https:\/\/pjredovisning.se\/#primaryimage\",\"inLanguage\":\"sv-SE\",\"url\":\"https:\/\/pjredovisning.se\/wp-content\/uploads\/2021\/10\/pj-redo.png\",\"contentUrl\":\"https:\/\/pjredovisning.se\/wp-content\/uploads\/2021\/10\/pj-redo.png\",\"width\":1611,\"height\":820},{\"@type\":\"WebPage\",\"@id\":\"https:\/\/pjredovisning.se\/#webpage\",\"url\":\"https:\/\/pjredovisning.se\/\",\"name\":\"V\\u00e4lkommen till PJ Redovisning - PJ Redovisning\",\"isPartOf\":{\"@id\":\"https:\/\/pjredovisning.se\/#website\"},\"primaryImageOfPage\":{\"@id\":\"https:\/\/pjredovisning.se\/#primaryimage\"},\"datePublished\":\"2021-10-06T07:52:37+00:00\",\"dateModified\":\"2021-10-06T11:29:59+00:00\",\"breadcrumb\":{\"@id\":\"https:\/\/pjredovisning.se\/#breadcrumb\"},\"inLanguage\":\"sv-SE\",\"potentialAction\":[{\"@type\":\"ReadAction\",\"target\":[\"https:\/\/pjredovisning.se\/\"]}]},{\"@type\":\"BreadcrumbList\",\"@id\":\"https:\/\/pjredovisning.se\/#breadcrumb\",\"itemListElement\":[{\"@type\":\"ListItem\",\"position\":1,\"name\":\"Hem\",\"item\":\"https:\/\/pjredovisning.se\/\"},{\"@type\":\"ListItem\",\"position\":2,\"name\":\"V\\u00e4lkommen till PJ Redovisning\"}]}]}<\/script>\n<!-- \/ Yoast SEO plugin. -->","yoast_head_json":{"title":"V\u00e4lkommen till PJ Redovisning - PJ Redovisning","robots":{"index":"index","follow":"follow","max-snippet":"max-snippet:-1","max-image-preview":"max-image-preview:large","max-video-preview":"max-video-preview:-1"},"canonical":"https:\/\/pjredovisning.se\/","og_locale":"sv_SE","og_type":"article","og_title":"V\u00e4lkommen till PJ Redovisning - PJ Redovisning","og_url":"https:\/\/pjredovisning.se\/","og_site_name":"PJ Redovisning","article_modified_time":"2021-10-06T11:29:59+00:00","og_image":[{"url":"https:\/\/pjredovisning.se\/wp-content\/uploads\/2021\/10\/pj-redo-1024x521.png"}],"twitter_card":"summary_large_image","twitter_misc":{"Ber\u00e4knad l\u00e4stid":"1 minut"},"schema":{"@context":"https:\/\/schema.org","@graph":[{"@type":"WebSite","@id":"https:\/\/pjredovisning.se\/#website","url":"https:\/\/pjredovisning.se\/","name":"PJ Redovisning","description":"V\u00e4lj r\u00e4tt redovisningskonsult - V\u00e4lj oss","potentialAction":[{"@type":"SearchAction","target":{"@type":"EntryPoint","urlTemplate":"https:\/\/pjredovisning.se\/?s={search_term_string}"},"query-input":"required name=search_term_string"}],"inLanguage":"sv-SE"},{"@type":"ImageObject","@id":"https:\/\/pjredovisning.se\/#primaryimage","inLanguage":"sv-SE","url":"https:\/\/pjredovisning.se\/wp-content\/uploads\/2021\/10\/pj-redo.png","contentUrl":"https:\/\/pjredovisning.se\/wp-content\/uploads\/2021\/10\/pj-redo.png","width":1611,"height":820},{"@type":"WebPage","@id":"https:\/\/pjredovisning.se\/#webpage","url":"https:\/\/pjredovisning.se\/","name":"V\u00e4lkommen till PJ Redovisning - PJ Redovisning","isPartOf":{"@id":"https:\/\/pjredovisning.se\/#website"},"primaryImageOfPage":{"@id":"https:\/\/pjredovisning.se\/#primaryimage"},"datePublished":"2021-10-06T07:52:37+00:00","dateModified":"2021-10-06T11:29:59+00:00","breadcrumb":{"@id":"https:\/\/pjredovisning.se\/#breadcrumb"},"inLanguage":"sv-SE","potentialAction":[{"@type":"ReadAction","target":["https:\/\/pjredovisning.se\/"]}]},{"@type":"BreadcrumbList","@id":"https:\/\/pjredovisning.se\/#breadcrumb","itemListElement":[{"@type":"ListItem","position":1,"name":"Hem","item":"https:\/\/pjredovisning.se\/"},{"@type":"ListItem","position":2,"name":"V\u00e4lkommen till PJ Redovisning"}]}]}},"_links":{"self":[{"href":"https:\/\/pjredovisning.se\/index.php?rest_route=\/wp\/v2\/pages\/11","targetHints":{"allow":["GET"]}}],"collection":[{"href":"https:\/\/pjredovisning.se\/index.php?rest_route=\/wp\/v2\/pages"}],"about":[{"href":"https:\/\/pjredovisning.se\/index.php?rest_route=\/wp\/v2\/types\/page"}],"author":[{"embeddable":true,"href":"https:\/\/pjredovisning.se\/index.php?rest_route=\/wp\/v2\/users\/1"}],"replies":[{"embeddable":true,"href":"https:\/\/pjredovisning.se\/index.php?rest_route=%2Fwp%2Fv2%2Fcomments&post=11"}],"version-history":[{"count":4,"href":"https:\/\/pjredovisning.se\/index.php?rest_route=\/wp\/v2\/pages\/11\/revisions"}],"predecessor-version":[{"id":28,"href":"https:\/\/pjredovisning.se\/index.php?rest_route=\/wp\/v2\/pages\/11\/revisions\/28"}],"wp:attachment":[{"href":"https:\/\/pjredovisning.se\/index.php?rest_route=%2Fwp%2Fv2%2Fmedia&parent=11"}],"curies":[{"name":"wp","href":"https:\/\/api.w.org\/{rel}","templated":true}]}}